{"id":419,"date":"2021-04-14T18:21:05","date_gmt":"2021-04-14T16:21:05","guid":{"rendered":"https:\/\/dotknisevesmiru.cz\/?page_id=419"},"modified":"2026-03-14T20:27:14","modified_gmt":"2026-03-14T19:27:14","slug":"kontakty","status":"publish","type":"page","link":"https:\/\/dotknisevesmiru.cz\/index.php\/kontakty\/","title":{"rendered":"Kontakty"},"content":{"rendered":"\n<h4 class=\"wp-block-heading\">Vedouc\u00ed projektu<\/h4>\n\n\n\n<figure class=\"wp-block-image is-resized\"><img decoding=\"async\" src=\"https:\/\/dotknisevesmiru.cz\/wp-content\/uploads\/2020\/11\/ros_konopa_u.jpg\" alt=\"https:\/\/dotknisevesmiru.cz\/wp-content\/uploads\/2020\/11\/ros_konopa_u.jpg\" style=\"width:164px;height:176px\"\/><\/figure>\n\n\n\n<p>Mgr. Rostislav Konopa<br>tel. +420 724 025 354<br><a href=\"mailto:konopa@steamacademy.cz\">konopa@steamacademy.cz<\/a><\/p>\n\n\n\n<h4 class=\"wp-block-heading\">Technick\u00e1 podpora<\/h4>\n\n\n\n<p><a href=\"mailto:support@dotknisevesmiru.cz\">support@dotknisevesmiru.cz<\/a><\/p>\n\n\n\n<h4 class=\"wp-block-heading\">Soci\u00e1ln\u00ed s\u00edt\u011b<\/h4>\n\n\n\n<ul class=\"wp-block-list\">\n<li>Dotkni se vesm\u00edru: <a href=\"https:\/\/facebook.com\/dotknisevesmiru.cz\" target=\"_blank\" rel=\"noreferrer noopener\">Facebook<\/a>, <a href=\"https:\/\/www.instagram.com\/dotknisevesmiru\/\" data-type=\"URL\" data-id=\"https:\/\/www.instagram.com\/dotknisevesmiru\/\" target=\"_blank\" rel=\"noreferrer noopener\">Instagram<\/a><\/li>\n\n\n\n<li>STEAM Academy: <a href=\"https:\/\/www.facebook.com\/www.steamacademy.cz\" data-type=\"URL\" data-id=\"https:\/\/www.facebook.com\/www.steamacademy.cz\" target=\"_blank\" rel=\"noreferrer noopener\">Facebook<\/a><\/li>\n<\/ul>\n\n\n\n<a href=\"https:\/\/dotknisevesmiru.cz\/wp-content\/uploads\/2025\/05\/loga.zip\">Loga projektu Dotkni se vesm\u00edru ke sta\u017een\u00ed<\/a>\n\n\n\n<p><\/p>\n","protected":false},"excerpt":{"rendered":"<p>Vedouc\u00ed projektu Mgr. Rostislav Konopatel. +420 724 025 354konopa@steamacademy.cz Technick\u00e1 podpora support@dotknisevesmiru.cz Soci\u00e1ln\u00ed s\u00edt\u011b Dotkni se vesm\u00edru: Facebook, Instagram STEAM Academy: Facebook Loga projektu Dotkni se vesm\u00edru ke sta\u017een\u00ed<\/p>\n","protected":false},"author":3,"featured_media":0,"parent":0,"menu_order":0,"comment_status":"closed","ping_status":"closed","template":"","meta":{"footnotes":""},"class_list":["post-419","page","type-page","status-publish","hentry"],"_links":{"self":[{"href":"https:\/\/dotknisevesmiru.cz\/index.php\/wp-json\/wp\/v2\/pages\/419","targetHints":{"allow":["GET"]}}],"collection":[{"href":"https:\/\/dotknisevesmiru.cz\/index.php\/wp-json\/wp\/v2\/pages"}],"about":[{"href":"https:\/\/dotknisevesmiru.cz\/index.php\/wp-json\/wp\/v2\/types\/page"}],"author":[{"embeddable":true,"href":"https:\/\/dotknisevesmiru.cz\/index.php\/wp-json\/wp\/v2\/users\/3"}],"replies":[{"embeddable":true,"href":"https:\/\/dotknisevesmiru.cz\/index.php\/wp-json\/wp\/v2\/comments?post=419"}],"version-history":[{"count":9,"href":"https:\/\/dotknisevesmiru.cz\/index.php\/wp-json\/wp\/v2\/pages\/419\/revisions"}],"predecessor-version":[{"id":1369,"href":"https:\/\/dotknisevesmiru.cz\/index.php\/wp-json\/wp\/v2\/pages\/419\/revisions\/1369"}],"wp:attachment":[{"href":"https:\/\/dotknisevesmiru.cz\/index.php\/wp-json\/wp\/v2\/media?parent=419"}],"curies":[{"name":"wp","href":"https:\/\/api.w.org\/{rel}","templated":true}]}}